{"id":4778,"date":"2021-07-31T06:32:20","date_gmt":"2021-07-31T06:32:20","guid":{"rendered":"https:\/\/snooker.com.br\/bilhar\/?post_type=product&#038;p=4778"},"modified":"2022-05-13T18:33:34","modified_gmt":"2022-05-13T18:33:34","slug":"futebol-de-botao","status":"publish","type":"product","link":"https:\/\/snooker.com.br\/bilhar\/produtos\/futebol-de-botao\/","title":{"rendered":"Futebol de Bot\u00e3o"},"content":{"rendered":"<p>Campo em MDP de 18mm,<br \/>\nP\u00e9s em Tubo dobr\u00e1veis,<br \/>\nBordas Revestida em Plastico,<br \/>\nFaixas no campo.<br \/>\nMedidas: 1,87&#215;1,20x,078<br \/>\n1,25&#215;0,78&#215;0,76<\/p>\n","protected":false},"excerpt":{"rendered":"<p>J\u00e1 imaginou jogar uma partida de bot\u00e3o com seu filho, esse sentimento \u00e9 \u00fanico e especial que vai marcar a vida dele para sempre, s\u00e3o momentos assim que fazem tudo valer a pena, agora voc\u00ea pode ter em sua casa a sua quadra de futebol de bot\u00e3o para momentos inesquec\u00edveis. <\/p>\n<p><a href=\"https:\/\/api.whatsapp.com\/send?l=pt_pt&#038;phone=5551986081041&#038;text=Quero%20saber%20mais%20sobre%20o%20FUTEBOL%20DE%20BOT%C3%83O\" target=\"_blank\" rel=\"noopener\" class=\"button\">Comprar pelo Whatsapp<\/a><\/p>\n<p><a href=\"https:\/\/snooker.com.br\/bilhar\/contatos\/\"class=\"button\">Or\u00e7ar por email<\/a><\/p>\n","protected":false},"featured_media":4779,"template":"","meta":{"_joinchat":[]},"product_brand":[],"product_cat":[47],"product_tag":[83,75],"class_list":{"0":"post-4778","1":"product","2":"type-product","3":"status-publish","4":"has-post-thumbnail","6":"product_cat-futebol-de-botao","7":"product_tag-futebol-de-botao","8":"product_tag-futebol-de-mesa","10":"first","11":"instock","12":"shipping-taxable","13":"product-type-simple"},"jetpack_sharing_enabled":true,"_links":{"self":[{"href":"https:\/\/snooker.com.br\/bilhar\/wp-json\/wp\/v2\/product\/4778","targetHints":{"allow":["GET"]}}],"collection":[{"href":"https:\/\/snooker.com.br\/bilhar\/wp-json\/wp\/v2\/product"}],"about":[{"href":"https:\/\/snooker.com.br\/bilhar\/wp-json\/wp\/v2\/types\/product"}],"wp:featuredmedia":[{"embeddable":true,"href":"https:\/\/snooker.com.br\/bilhar\/wp-json\/wp\/v2\/media\/4779"}],"wp:attachment":[{"href":"https:\/\/snooker.com.br\/bilhar\/wp-json\/wp\/v2\/media?parent=4778"}],"wp:term":[{"taxonomy":"product_brand","embeddable":true,"href":"https:\/\/snooker.com.br\/bilhar\/wp-json\/wp\/v2\/product_brand?post=4778"},{"taxonomy":"product_cat","embeddable":true,"href":"https:\/\/snooker.com.br\/bilhar\/wp-json\/wp\/v2\/product_cat?post=4778"},{"taxonomy":"product_tag","embeddable":true,"href":"https:\/\/snooker.com.br\/bilhar\/wp-json\/wp\/v2\/product_tag?post=4778"}],"curies":[{"name":"wp","href":"https:\/\/api.w.org\/{rel}","templated":true}]}}