{"id":4745,"date":"2021-07-30T12:14:39","date_gmt":"2021-07-30T12:14:39","guid":{"rendered":"https:\/\/snooker.com.br\/bilhar\/?post_type=product&#038;p=4745"},"modified":"2022-05-13T18:29:38","modified_gmt":"2022-05-13T18:29:38","slug":"mesa-b210-p-sinuca-com-ping-pong","status":"publish","type":"product","link":"https:\/\/snooker.com.br\/bilhar\/produtos\/mesa-b210-p-sinuca-com-ping-pong\/","title":{"rendered":"Mesa B210 P &#8211; Sinuca com Ping-Pong"},"content":{"rendered":"<p>Op\u00e7\u00e3o de Mesa em madeira maci\u00e7a ou MDF.<br \/>\nCa\u00e7apas de rede.<br \/>\nOp\u00e7\u00e3o com Tampo de Jantar em MDF.<br \/>\nBase em pedra ard\u00f3sia.<br \/>\n4 p\u00e9s fechados.<br \/>\nNiveladores de altura ajust\u00e1veis.<\/p>\n<p>Consulte cores da mesa e tecido dispon\u00edveis.<br \/>\nAcompanha 4 tacos, 1 jogo de bolas, 1 tri\u00e2ngulo, 1 porta tacos e 1 kit de giz.<\/p>\n<p>Para mais informa\u00e7\u00f5es voc\u00ea pode falar com a gente nas redes sociais @babbilhares ou por email, \u00e9 super r\u00e1pido e simples.<\/p>\n","protected":false},"excerpt":{"rendered":"<p>Se voc\u00ea quer se divertir com seus filhos, ou com seus amigos, ent\u00e3o este modelo \u00e9 perfeito para voc\u00ea, pois conta com op\u00e7\u00e3o de tamp\u00e3o para jogar tamb\u00e9m ping pong, j\u00e1 imaginou ter os dois jogos na sua casa? Agora voc\u00ea pode, s\u00f3 chamar no whatsapp. <\/p>\n<p><a href=\"https:\/\/api.whatsapp.com\/send?l=pt_pt&#038;phone=5551986081041&#038;text=Quero%20saber%20mais%20sobre%20o%20Mesa%20B210%20P%20-%20Sinuca%20com%20Ping-Pong\" target=\"_blank\" rel=\"noopener\" class=\"button\">Comprar pelo Whatsapp<\/a><\/p>\n<p><a href=\"https:\/\/snooker.com.br\/bilhar\/contatos\/\"class=\"button\">Or\u00e7ar por email<\/a><\/p>\n","protected":false},"featured_media":4976,"template":"","meta":{"_joinchat":[]},"product_brand":[],"product_cat":[43],"product_tag":[55,56,58,71],"class_list":{"0":"post-4745","1":"product","2":"type-product","3":"status-publish","4":"has-post-thumbnail","6":"product_cat-mesa-de-bilhar-sinuca","7":"product_tag-bilhar","8":"product_tag-jogos-de-diversao","9":"product_tag-mesa-de-bilhar","10":"product_tag-mesa-de-sinuca-residencial","12":"first","13":"instock","14":"shipping-taxable","15":"product-type-simple"},"jetpack_sharing_enabled":true,"_links":{"self":[{"href":"https:\/\/snooker.com.br\/bilhar\/wp-json\/wp\/v2\/product\/4745","targetHints":{"allow":["GET"]}}],"collection":[{"href":"https:\/\/snooker.com.br\/bilhar\/wp-json\/wp\/v2\/product"}],"about":[{"href":"https:\/\/snooker.com.br\/bilhar\/wp-json\/wp\/v2\/types\/product"}],"wp:featuredmedia":[{"embeddable":true,"href":"https:\/\/snooker.com.br\/bilhar\/wp-json\/wp\/v2\/media\/4976"}],"wp:attachment":[{"href":"https:\/\/snooker.com.br\/bilhar\/wp-json\/wp\/v2\/media?parent=4745"}],"wp:term":[{"taxonomy":"product_brand","embeddable":true,"href":"https:\/\/snooker.com.br\/bilhar\/wp-json\/wp\/v2\/product_brand?post=4745"},{"taxonomy":"product_cat","embeddable":true,"href":"https:\/\/snooker.com.br\/bilhar\/wp-json\/wp\/v2\/product_cat?post=4745"},{"taxonomy":"product_tag","embeddable":true,"href":"https:\/\/snooker.com.br\/bilhar\/wp-json\/wp\/v2\/product_tag?post=4745"}],"curies":[{"name":"wp","href":"https:\/\/api.w.org\/{rel}","templated":true}]}}