{"id":4661,"date":"2021-07-29T05:32:03","date_gmt":"2021-07-29T05:32:03","guid":{"rendered":"https:\/\/snooker.com.br\/bilhar\/?post_type=product&#038;p=4661"},"modified":"2022-05-13T18:17:57","modified_gmt":"2022-05-13T18:17:57","slug":"mesa-veneza-silver","status":"publish","type":"product","link":"https:\/\/snooker.com.br\/bilhar\/produtos\/mesa-veneza-silver\/","title":{"rendered":"Mesa Veneza Silver"},"content":{"rendered":"<p>Mesa em MDF lamindo<br \/>\nBase de pedra ard\u00f3sia<br \/>\nOp\u00e7\u00e3oo em p\u00e9s central c\u00f4nico ou p\u00e9 central duplo com rede e couro nas ca\u00e7apas.<br \/>\nOp\u00e7\u00e3o com Tampo de Jantar em MDF<br \/>\np\u00e9s em &#8220;U&#8221; fechado.<\/p>\n<p>Medidas dispon\u00edveis<\/p>\n<p>2,10 x 1,20 m<br \/>\n2,20 x 1,20 m<br \/>\n2,30 x 1,35 m<\/p>\n<p>Consulte cores da mesa e tecido dispon\u00edveis.<br \/>\nAcompanha 4 tacos, 1 jogo de bolas, 1 tri\u00e2ngulo, 1 porta tacos e 1 kit de giz.<br \/>\nPara mais informa\u00e7\u00f5es voc\u00ea pode falar com a gente nas redes sociais @babbilhares ou por email, \u00e9 super r\u00e1pido e simples.<\/p>\n","protected":false},"excerpt":{"rendered":"<p>Est\u00e1 Mesa de Bilhar \u00e9 uma mesa de alto padr\u00e3o, com ca\u00e7apas de quadro, um design totalmente moderno, que vai combinar muito com o ambiente da sua casa.<\/p>\n<p><a href=\"https:\/\/api.whatsapp.com\/send?l=pt_pt&#038;phone=5551986081041&#038;text=Quero%20saber%20mais%20sobre%20o%20Mesa%20Veneza%20Ca%C3%A7apa%20de%20Rede\" target=\"_blank\" rel=\"noopener\" class=\"button\">Comprar pelo Whatsapp<\/a><\/p>\n<p><a href=\"https:\/\/snooker.com.br\/bilhar\/contatos\/\"class=\"button\">Comprar por email<\/a><\/p>\n","protected":false},"featured_media":4944,"template":"","meta":{"_joinchat":[]},"product_brand":[],"product_cat":[43],"product_tag":[55,56,58,57,54],"class_list":{"0":"post-4661","1":"product","2":"type-product","3":"status-publish","4":"has-post-thumbnail","6":"product_cat-mesa-de-bilhar-sinuca","7":"product_tag-bilhar","8":"product_tag-jogos-de-diversao","9":"product_tag-mesa-de-bilhar","10":"product_tag-sinuca","11":"product_tag-snooker","13":"first","14":"onbackorder","15":"sold-individually","16":"shipping-taxable","17":"product-type-simple"},"jetpack_sharing_enabled":true,"_links":{"self":[{"href":"https:\/\/snooker.com.br\/bilhar\/wp-json\/wp\/v2\/product\/4661","targetHints":{"allow":["GET"]}}],"collection":[{"href":"https:\/\/snooker.com.br\/bilhar\/wp-json\/wp\/v2\/product"}],"about":[{"href":"https:\/\/snooker.com.br\/bilhar\/wp-json\/wp\/v2\/types\/product"}],"wp:featuredmedia":[{"embeddable":true,"href":"https:\/\/snooker.com.br\/bilhar\/wp-json\/wp\/v2\/media\/4944"}],"wp:attachment":[{"href":"https:\/\/snooker.com.br\/bilhar\/wp-json\/wp\/v2\/media?parent=4661"}],"wp:term":[{"taxonomy":"product_brand","embeddable":true,"href":"https:\/\/snooker.com.br\/bilhar\/wp-json\/wp\/v2\/product_brand?post=4661"},{"taxonomy":"product_cat","embeddable":true,"href":"https:\/\/snooker.com.br\/bilhar\/wp-json\/wp\/v2\/product_cat?post=4661"},{"taxonomy":"product_tag","embeddable":true,"href":"https:\/\/snooker.com.br\/bilhar\/wp-json\/wp\/v2\/product_tag?post=4661"}],"curies":[{"name":"wp","href":"https:\/\/api.w.org\/{rel}","templated":true}]}}